et d be 13 - (-2)/4*-2. What is the highest common divisor of f and d?
6
Let t(h) = h + 5. Let q be t(0). Suppose -5*n - 6 = k, -k = 3*k - q*n - 101. What is the greatest common divisor of k and 19?
19
Suppose -b - 263 = -4*h - 0*b, 0 = 5*h - 3*b - 327. Let l be (4/(-6))/(4/6). Let r(d) = -5*d + 1. Let u be r(l). What is the highest common factor of u and h?
6
Suppose 2*g = g + 42. Calculate the greatest common divisor of g and 63.
21
Let h be (-12)/(-8)*(-272)/(-12). Suppose -v + 1 = -0*u - 4*u, 0 = -2*v - u + 38. What is the highest common divisor of h and v?
17
Suppose -3*v - v - 3*q + 39 = 0, 3*v - 5*q + 7 = 0. Suppose 4*o = v + 6. Suppose -o*x = x - 120. What is the highest common divisor of 15 and x?
15
Suppose 0*g + 2*g - 128 = 0. Let b(l) = l**2 + 4*l + 4. Let t be b(-6). What is the highest common divisor of t and g?
16
Suppose v = -r + 16, 0*r = 5*r - 20. Let n(l) = l. Let o be n(6). Calculate the greatest common divisor of v and o.
6
Suppose -3*b - 6 = -3*c, 3*c + b = 2*c + 6. Let f(m) = m**3 - 9*m**2 + 7*m + 9. Let d be f(8). Calculate the highest common divisor of d and c.
1
Let d(h) = -2*h + 14. Let l be d(-8). Calculate the highest common factor of l and 10.
10
Suppose v = 5*z + 4, 5*v - 21 = z + 23. Let d = 45 + -18. What is the highest common divisor of v and d?
9
Suppose 208 = -s + 6*s + l, -4*s + 176 = -4*l. Calculate the greatest common factor of 14 and s.
14
Suppose -j + 3*f - 5 = 0, -3*j = -4*f + 3*f + 7. Let q be j/(-3 + 194/65). Let g(c) = -8*c - 3. Let z be g(-2). What is the highest common factor of q and z?
13
Suppose -2*k = -6*k + 32. Let a = k + 1. What is the greatest common divisor of 36 and a?
9
Let c = -84 - -124. Calculate the greatest common divisor of c and 5.
5
Suppose 3*d - 2*h = 19, d = 3*d + 2*h - 6. Suppose -3*i + 1 = -d. Calculate the highest common divisor of 2 and i.
2
Let k(s) = 163*s - 1. Let u be k(1). Let j = -40 - -58. Calculate the greatest common divisor of j and u.
18
Let u = -30 + -82. Let y = u + 161. Suppose -5*v + 2*v + f = -21, -3*v + 21 = 2*f. Calculate the greatest common factor of v and y.
7
Let u = -33 - -87. Let p(w) = w**3 + 7*w**2 + 4*w - 3. Let c be p(-6). Calculate the greatest common factor of c and u.
9
Let c = 63 + -45. Suppose -t - c = -2*t. Calculate the highest common factor of 45 and t.
9
Let d = -32 + 56. What is the greatest common divisor of d and 16?
8
Let j = -8 - -10. Suppose 2*h - j*a - 34 = -0*a, -3*h = 3*a - 57. Calculate the highest common divisor of 27 and h.
9
Let z be (0 - 0) + (-1 - -1). Suppose z = -2*u + 5*u - 24. Let s(l) = -l**2 + 8*l + 8. Let j be s(8). Calculate the greatest common factor of u and j.
8
Suppose 44 - 16 = 2*w. What is the highest common factor of 154 and w?
14
Suppose -3*x + 433 = 4*o + 113, -5*o + 4*x + 400 = 0. Let g be (4/2)/(4/o). Calculate the highest common factor of 16 and g.
8
Let g(j) = 7*j - 3 + 4 - 8 + 2*j**2. Let y be 81/36*(-16)/6. Let i be g(y). What is the greatest common divisor of i and 161?
23
Let y = -30 - -33. What is the highest common divisor of 21 and y?
3
Suppose -5*m + 2*b = -44, -4*b = -2*b - 6. Let i be 10/(-2)*(-16)/m. Suppose -4*x + 64 = -2*x. Calculate the highest common divisor of x and i.
8
Let v be 18/(5/(-2) + 1). Suppose -3*m = -8*m + 10. Let h = m - v. Calculate the highest common divisor of h and 28.
14
Let u = 34 + -72. Let s be (5 - u) + (-6)/2. What is the highest common divisor of 5 and s?
5
Let b be -1 - (0 - -1)*44. Let q be ((-35)/(-14))/((-2)/60). Let j = b - q. Calculate the greatest common divisor of 10 and j.
10
Let w be 1*(0/(-1) + 1). Let s = 3 - w. Suppose 5*o - s*o = 0, -3*t + 4*o + 420 = 0. What is the highest common factor of 20 and t?
20
Let w be (-9 + (1 - 0/(-2)))*-2. Calculate the highest common divisor of 48 and w.
16
Suppose -f + 71 = 2*c, 0*f + f = -1. Let n = 2 + 7. Calculate the highest common divisor of c and n.
9
Suppose 0 = 5*a + 6*q - q, q = -4*a + 15. Let d(u) = 0*u - 2 - u - a*u + 4*u. Let t be d(-6). Calculate the highest common divisor of t and 100.
10
Suppose -2*y + 3*y = -4*a + 22, 0 = -5*y + a + 152. Suppose 4*q - 57 = 23. What is the highest common divisor of q and y?
10
Let s = -16 + -2. Let j be (10/3)/((-4)/s). Let o be -15*(-2 + j/9). What is the highest common factor of o and 20?
5
Suppose -4*y + 47 = -5*w + 7, 0 = -3*y - w + 30. What is the greatest common factor of y and 50?
10
Suppose -2*i = -4*g + 4, 5*i + 5*g - 23 = -63. Let w be (-24)/(-1)*(-5 - i). Calculate the highest common divisor of w and 3.
3
Let c be -4 + 20 + (-2)/2. Let a = 325 + -205. What is the highest common factor of a and c?
15
Suppose 0 = 6*m - 2 - 10. Calculate the highest common factor of m and 18.
2
Let m = 1 + 2. Suppose q + 3 = 3*o - 5, -m*q + 36 = 3*o. Suppose 2*k - 2 = 12. What is the greatest common divisor of q and k?
7
Let c = 0 + 6. Let y be 1/(-1 + 10/9). Let l = 0 + y. What is the greatest common divisor of c and l?
3
Let a(k) = 2*k**2 + 3*k - 2. Suppose 5*c + 0*z - z - 11 = 0, -5*c = -5*z - 15. Let y be a(c). Calculate the greatest common divisor of 8 and y.
4
Suppose 2*c + 18 = 5*c - 4*n, n = 3. Let i(m) = -m**2 + 12*m - 14. Let b be i(c). Let h be 26/b - 2/6. What is the greatest common divisor of 10 and h?
2
Let y = 0 + -4. Let i(g) = -2*g + 2. Let l be i(y). Calculate the greatest common factor of l and 20.
10
Let r be -7 - -4 - -2 - -7. Suppose 0*v - r = -v. Calculate the highest common divisor of 15 and v.
3
Let r be (-624)/(-18) + 1/3. What is the highest common factor of 14 and r?
7
Let p = 67 + -19. Calculate the highest common divisor of 16 and p.
16
Let t be 1 + 6/2 + 0. Let l(f) = 4*f - 5. Let d be l(t). Calculate the greatest common divisor of 44 and d.
11
Let w = -2 + 11. Suppose 5*x - 183 = h, -5 = -5*x - h + 172. Calculate the highest common divisor of x and w.
9
Let k = 27 - 6. What is the greatest common divisor of k and 14?
7
Let w = -8 + 10. Suppose w*h - 6 - 22 = 0. Calculate the greatest common factor of 98 and h.
14
Let y be 1532/10 - 10/50. Suppose 5*c = 2*c + y. What is the greatest common divisor of c and 34?
17
Suppose 8*g - 1323 = g. What is the greatest common divisor of 21 and g?
21
Suppose 2*l = -5*q + 140, 3*q + 45 - 129 = -3*l. Suppose -q = 3*x - 91. Calculate the highest common factor of x and 14.
7
Let c(r) = r - 5. Suppose 4*g - 33 = -9. Let k be c(g). Calculate the greatest common factor of 8 and k.
1
Suppose -3*y + 105 = 3*l, -3*y - 31 = -l - 4. Calculate the highest common divisor of l and 11.
11
Suppose -5*l - 80 = -9*l. Let r(j) = -152*j**2 - 2*j + 1. Let a be r(1). Let v = 27 - a. What is the highest common divisor of v and l?
20
Suppose f + c = -2, f + 5*c + 0 = 6. Let w = 10 + f. Suppose -s + w*s = 65. What is the highest common factor of 39 and s?
13
Let a(b) = b**2 + 4*b. Let c be a(-3). Let d be (154/c)/((-12)/18). What is the highest common divisor of 11 and d?
11
Let p be (-487)/(-4) + 2/8. Suppose -q + p = -8. Let g = 284 - q. Calculate the greatest common divisor of g and 14.
14
Let s(h) = 4*h**3 - 3*h**2 + 2 + h - 2*h**3 + 3*h**3. Let g be s(2). Let n be (8/(-3))/(4/(-72)). What is the highest common divisor of n and g?
16
Let y(f) = 2*f**2 + 12*f + 2. Let h be y(-6). Suppose h = -7*x + 30. What is the highest common factor of 4 and x?
4
Let j = 70 - -51. Suppose 4*p = 4*x - 196, 0 = 3*x + 2*p + 35 - 182. Suppose x = 5*r - 6. What is the greatest common divisor of j and r?
11
Let p(w) be the first derivative of -61*w**2/2 - 5*w - 5. Let q be p(-2). What is the greatest common divisor of 13 and q?
13
Let h = -11 + 56. Let n(d) = d + 15. Let k be n(-6). What is the greatest common divisor of k and h?
9
Let o be 12/(-15)*(-5)/1. Suppose -148 = -4*p + 4*h, -4*p + 0*h = o*h - 172. Let j = -10 + 18. Calculate the highest common factor of p and j.
8
Suppose 4*i - 189 = -49. Let h(s) = s**3 + 2*s**2 - s. Let n be h(-2). Suppose -3*x = 0, -n*o - 4*x + 5 = -o. What is the highest common factor of i and o?
5
Suppose -x + 32 = -1. Let d = 18 + -15. Calculate the greatest common divisor of x and d.
3
Suppose 3*a - 2*s - 228 = -a, -s = -a + 59. Suppose 5*t + 4*l = -76, 0 = -5*t + 2*t - 3*l - 48. Let b = t - -34. What is the highest common factor of a and b?
11
Let u be (-1 - -13)*(0 + 1). Let r be (0/2)/3 - -109. Let z be 2 + r + 